t -115 (base 10) to base 11.
-a5
Convert 3506 (base 7) to base 9.
1672
Convert 6909 (base 12) to base 3.
121000100
What is -1cc (base 16) in base 15?
-20a
Convert -268 (base 9) to base 4.
-3200
Convert -496 (base 11) to base 12.
-411
124 (base 7) to base 15
47
What is 512 (base 7) in base 12?
192
-1021211 (base 3) to base 6
-4204
Convert 43021 (base 6) to base 11.
4434
Convert -8562 (base 10) to base 11.
-6484
-1030220 (base 4) to base 6
-34412
What is 74 (base 11) in base 14?
5b
Convert 4105 (base 6) to base 4.
32021
Convert 102034 (base 5) to base 12.
1b6a
12771 (base 8) to base 15
1a00
What is 2123100 (base 4) in base 8?
23320
-175 (base 8) to base 15
-85
What is -651 (base 14) in base 6?
-5435
Convert -1b04 (base 12) to base 4.
-303310
What is -1506 (base 7) in base 11?
-4a0
454 (base 8) to base 5
2200
694 (base 14) to base 5
20211
1026 (base 10) to base 7
2664
Convert 330 (base 6) to base 8.
176
-101110000 (base 2) to base 5
-2433
Convert -1200443 (base 5) to base 3.
-1010011202
17102 (base 10) to base 13
7a27
What is -331130 (base 4) in base 16?
-f5c
-100104 (base 5) to base 7
-12124
Convert 103222 (base 7) to base 16.
461e
Convert 3312 (base 4) to base 3.
100010
What is 11212103 (base 4) in base 8?
54623
What is 17185 (base 11) in base 3?
1020011021
-5db0 (base 14) to base 16
-4026
Convert -3042 (base 6) to base 8.
-1242
-1015 (base 6) to base 10
-227
1605 (base 13) to base 11
2464
-241 (base 14) to base 8
-701
What is -1000001101 (base 2) in base 13?
-315
What is 10001101 (base 2) in base 15?
96
Convert -2032003 (base 4) to base 15.
-2a61
Convert 1144 (base 11) to base 4.
113130
Convert 342041 (base 5) to base 11.
9142
Convert -274 (base 11) to base 15.
-168
What is 156 (base 8) in base 4?
1232
-1c28 (base 13) to base 10
-4259
What is -101100111100101 (base 2) in base 15?
-6c43
What is -14242 (base 5) in base 2?
-10010101101
1123 (base 7) to base 8
631
5b78 (base 14) to base 12
92ba
What is -14580 (base 10) in base 11?
-aa55
Convert 346 (base 12) to base 5.
3421
13301233 (base 4) to base 7
161605
Convert -1124 (base 7) to base 15.
-1c5
Convert -122 (base 16) to base 3.
-101202
12100202 (base 3) to base 10
3908
What is 11000110011111 (base 2) in base 6?
134451
What is a63 (base 12) in base 6?
11003
154a6 (base 11) to base 2
101010110001000
Convert 382 (base 9) to base 5.
2232
What is -30343 (base 5) in base 11?
-1534
-33 (base 5) to base 13
-15
-2342 (base 5) to base 4
-11123
What is 19341 (base 13) in base 10?
48894
What is -20000020 (base 3) in base 12?
-2650
Convert 18782 (base 15) to base 5.
10014242
Convert -10234 (base 5) to base 10.
-694
Convert 4790 (base 11) to base 6.
45010
Convert 41a8a (base 11) to base 16.
ef13
What is 29c7 (base 16) in base 10?
10695
Convert 12230121 (base 4) to base 6.
330533
What is 63a (base 12) in base 16?
38e
What is 222323 (base 4) in base 9?
3682
4282 (base 11) to base 6
42104
-c47a (base 13) to base 16
-6a05
Convert 6 (base 8) to base 3.
20
167173 (base 8) to base 13
21a33
-111001 (base 2) to base 11
-52
What is 227 (base 14) in base 9?
524
-104 (base 6) to base 5
-130
2b2 (base 14) to base 7
1412
What is -3577 (base 11) in base 2?
-1001001001010
Convert 1270 (base 12) to base 7.
6060
What is 322121 (base 5) in base 10?
10911
What is 14607 (base 12) in base 10?
28519
Convert -1331 (base 7) to base 6.
-2212
What is -319 (base 10) in base 3?
-102211
Convert -133330 (base 4) to base 14.
-a60
What is -758b (base 13) in base 7?
-65431
What is 1595 (base 10) in base 16?
63b
-226 (base 16) to base 12
-39a
1210210110 (base 3) to base 8
105363
Convert 920 (base 10) to base 13.
55a
Convert -23 (base 12) to base 11.
-25
Convert -40b (base 15) to base 4.
-32033
-101101000100 (base 2) to base 8
-5504
What is -1334025 (base 6) in base 14?
-1d357
What is -3663 (base 10) in base 4?
-321033
What is -296 (base 15) in base 6?
-2423
22031 (base 4) to base 6
3005
Convert -5502 (base 7) to base 2.
-11110101010
What is 1101022 (base 3) in base 9?
1338
Convert 33351 (base 8) to base 7.
55661
Convert -13828 (base 9) to base 5.
-300142
Convert 1a17 (base 16) to base 13.
306a
Convert -c84 (base 13) to base 3.
-2221010
Convert -11251 (base 6) to base 5.
-22430
-220200 (base 3) to base 7
-1641
What is 2001222202 (base 3) in base 16?
9f71
What is 11120202 (base 3) in base 13?
16a0
Convert -682 (base 12) to base 7.
-2543
Convert 53551 (base 8) to base 4.
11131221
What is -4316 (base 10) in base 14?
-1804
-1836 (base 14) to base 5
-114420
What is -1330111 (base 4) in base 16?
-1f15
Convert 74d (base 16) to base 3.
2120020
Convert -185 (base 10) to base 11.
-159
Convert 315151 (base 6) to base 16.
64ab
Convert 70333 (base 8) to base 11.
1a785
-2a7 (base 16) to base 6
-3051
What is 6036 (base 10) in base 5?
143121
-160510 (base 8) to base 15
-1214c
Convert -21332 (base 4) to base 12.
-452
Convert -2015 (base 14) to base 9.
-7488
Convert -985 (base 13) to base 15.
-73a
1880 (base 16) to base 10
6272
-503 (base 10) to base 15
-238
Convert 676 (base 10) to base 15.
301
What is 6dad (base 14) in base 13?
8953
What is 12625 (base 12) in base 13?
b558
Convert 11551 (base 6) to base 3.
2100211
Convert -22011021 (base 3) to base 12.
-3537
What is -1316 (base 8) in base 12?
-4ba
-374 (base 16) to base 5
-12014
Convert 38c (base 13) to base 5.
4443
1323 (base 5) to base 16
d5
What is -120012 (base 3) in base 12?
-2a2
Convert -a0 (base 11) to base 12.
-92
Convert 1266 (base 12) to base 11.
1634
2182 (base 13) to base 16
123d
-600 (base 9) to base 16
-1e6
What is -1321 (base 12) in base 3?
-2222221
-41001 (base 5) to base 4
-221002
-471c (base 15) to base 8
-35376
Convert 14218 (base 9) to base 4.
2112320
What is -17630 (base 8) in base 15?
-25e3
What is -9aa5 (base 14) in base 15?
-7e1b
101111000 (base 3) to base 12
4509
Convert 1111100111 (base 2) to base 16.
3e7
Convert 2ccb3 (base 13) to base 12.
416a4
Convert -30132 (base 5) to base 15.
-87c
What is -1121001 (base 3) in base 6?
-5214
Convert 8b6 (base 14) to base 3.
2101000
What is 4463 (base 7) in base 8?
3115
Convert 1fda (base 16) to base 15.
2639
Convert -111011111 (base 2) to base 14.
-263
What is 12301 (base 4) in base 15?
1dd
What is -5432 (base 7) in base 6?
-12542
Convert -1000110100110 (base 2) to base 15.
-1513
What is -114054 (base 8) in base 16?
-982c
559 (base 10) to base 7
1426
Convert -7a (base 13) to base 15.
-6b
Convert 331210 (base 5) to base 6.
124530
267b (base 13) to base 15
1975
Convert 13630 (base 7) to base 15.
119a
-7864 (base 9) to base 12
-3441
What is 20030 (base 4) in base 3?
201102
Convert 2033132 (base 4) to base 13.
4244
What is -3433 (base 5) in base 7?
-1303
-4758 (base 10) to base 13
-2220
Convert -28a (base 11) to base 16.
-154
30353 (base 7) to base 9
11118
What is 6359 (base 12) in base 7?
43455
What is -df (base 16) in base 8?
-337
Convert -330 (base 7) to base 11.
-143
5731 (base 8) to base 3
11011100
-213013 (base 5) to base 8
-16132
-311413 (base 5) to base 15
-3073
Convert 131525 (base 7) to base 15.
7462
Convert -16c18 (base 13) to base 15.
-ce97
What is 1790 (base 10) in base 14?
91c
Convert 210224 (base 6) to base 11.
117a7
2022 (base 6) to base 13
284
Convert 27261 (base 8) to base 5.
340303
Convert 5003 (base 7) to base 10.
1718
Convert -331 (base 4) to base 13.
-49
What is -142 (base 7) in base 15?
-54
Convert -c40 (base 14) to base 2.
-100101101000
Convert -1771 (base 16) to base 4.
-1131301
100010001 (base 2) to base 9
333
304a1 (base 12) to base 6
1203121
What is -1483 (base 14) in base 15?
-112d
Convert -11011212 (base 3) to base 2.
-101111100111
-479 (base 15) to base 14
-526
Convert -733 (base 8) to base 16.
-1db
1522 (base 16) to base 5
133120
13032 (base 7) to base 16
d7d
Convert 2212 (base 6) to base 11.
426
Convert -1a40 (base 11) to base 9.
-3482
-177a (base 14) to base 2
-1000010000000
2111111211 (base 3) to base 15
e8b1
-20111101 (base 4) to base 10
-34129
What is 172 (base 12) in base 5?
1410
-347d (base 14) to base 3
-110112001
-1c81 (base 14) to base 16
-1459
14040 (base 5) to base 6
5145
What is -151 (base 16) in base 12?
-241
What is -42266 (base 8) in base 6?
-213234
147427 (base 8) to base 4
30330113
193 (base 15) to base 9
443
19b0e (base 15) to base 14
225d7
What is -1221 (base 3) in base 6?
-124
Convert 114344 (